{"id":1484,"date":"2025-02-02T02:13:08","date_gmt":"2025-02-02T01:13:08","guid":{"rendered":"https:\/\/afges.org\/?page_id=1484"},"modified":"2025-02-02T17:34:11","modified_gmt":"2025-02-02T16:34:11","slug":"mentions-legales","status":"publish","type":"page","link":"https:\/\/interne.afges.org\/en\/mentions-legales\/","title":{"rendered":"Mentions l\u00e9gales"},"content":{"rendered":"<div data-elementor-type=\"wp-page\" data-elementor-id=\"1484\" class=\"elementor elementor-1484\">\n\t\t\t\t\t\t<header class=\"elementor-section elementor-top-section elementor-element elementor-element-3a61f27 elementor-section-boxed elementor-section-height-default elementor-section-height-default\" data-id=\"3a61f27\" data-element_type=\"section\" data-e-type=\"section\" data-settings=\"{&quot;background_background&quot;:&quot;classic&quot;}\">\n\t\t\t\t\t\t<div class=\"elementor-container elementor-column-gap-default\">\n\t\t\t\t\t<div class=\"elementor-column elementor-col-100 elementor-top-column elementor-element elementor-element-5f3b3dc\" data-id=\"5f3b3dc\" data-element_type=\"column\" data-e-type=\"column\">\n\t\t\t<div class=\"elementor-widget-wrap elementor-element-populated\">\n\t\t\t\t\t\t<div class=\"elementor-element elementor-element-f711dd2 elementor-widget__width-initial elementor-widget-tablet__width-initial elementor-widget-mobile__width-initial elementor-invisible elementor-widget elementor-widget-heading\" data-id=\"f711dd2\" data-element_type=\"widget\" data-e-type=\"widget\" data-settings=\"{&quot;_animation&quot;:&quot;fadeIn&quot;}\" data-widget_type=\"heading.default\">\n\t\t\t\t<div class=\"elementor-widget-container\">\n\t\t\t\t\t<h1 class=\"elementor-heading-title elementor-size-default\">Mentions l\u00e9gales<\/h1>\t\t\t\t<\/div>\n\t\t\t\t<\/div>\n\t\t\t\t<section class=\"elementor-section elementor-inner-section elementor-element elementor-element-9baf7c6 elementor-section-boxed elementor-section-height-default elementor-section-height-default\" data-id=\"9baf7c6\" data-element_type=\"section\" data-e-type=\"section\">\n\t\t\t\t\t\t<div class=\"elementor-container elementor-column-gap-default\">\n\t\t\t\t\t<div class=\"elementor-column elementor-col-100 elementor-inner-column elementor-element elementor-element-cc9aec0 elementor-invisible\" data-id=\"cc9aec0\" data-element_type=\"column\" data-e-type=\"column\" data-settings=\"{&quot;animation&quot;:&quot;fadeIn&quot;,&quot;animation_delay&quot;:500}\">\n\t\t\t<div class=\"elementor-widget-wrap elementor-element-populated\">\n\t\t\t\t\t\t<div class=\"elementor-element elementor-element-c1d7f35 elementor-widget__width-initial elementor-widget-tablet__width-initial elementor-widget-mobile__width-initial elementor-invisible elementor-widget elementor-widget-text-editor\" data-id=\"c1d7f35\" data-element_type=\"widget\" data-e-type=\"widget\" data-settings=\"{&quot;_animation&quot;:&quot;fadeIn&quot;}\" data-widget_type=\"text-editor.default\">\n\t\t\t\t<div class=\"elementor-widget-container\">\n\t\t\t\t\t\t\t\t\t<p>Ce site est la propri\u00e9t\u00e9 de l&rsquo;AFGES, les \u00e9tudiant-e-s d&rsquo;Alsace et est h\u00e9berg\u00e9 par Azure.<\/p><p><strong> AFGES, les \u00e9tudiant-e-s d&rsquo;Alsace<\/strong><\/p><ul><li>1, Place de l&rsquo;Universit\u00e9 67000 STRASBOURG<\/li><li>T\u00e9l. : 06.72.92.68.92\u00a0<\/li><li>Mail : <a href=\"mailto:contact@afges.org\">contact@afges.org<\/a><\/li><\/ul><p>L&rsquo;AFGES, les \u00e9tudiant-e-s d&rsquo;Alsace est une association r\u00e9gie par les dispositions des articles 21 \u00e0 79 du Code civil local alsacien-mosellan, maintenues en vigueur par loi d&rsquo;introduction dans la l\u00e9gislation fran\u00e7aise. Inscrite au Registre des Associations du tribunal Judiciaire de Strasbourg, depuis le 9 f\u00e9vrier 1923 sous le volume n\u00b06, folio n\u00b049.<\/p><ul><li>Directrice de la publication : Chlo\u00e9 HEYD, Pr\u00e9sidente ;\u00a0<\/li><li>Responsable du contenu \u00e9ditorial : Charles LESECQ, Secr\u00e9taire g\u00e9n\u00e9ral en charge du Num\u00e9rique ;<\/li><\/ul><p>Pour toute annonce \u00e0 faire passer, autorisation de reproduction ou pour toute question relative \u00e0 l&rsquo;AFGES, n&rsquo;h\u00e9sitez pas \u00e0 nous contacter.<\/p>\t\t\t\t\t\t\t\t<\/div>\n\t\t\t\t<\/div>\n\t\t\t\t\t<\/div>\n\t\t<\/div>\n\t\t\t\t\t<\/div>\n\t\t<\/section>\n\t\t\t\t\t<\/div>\n\t\t<\/div>\n\t\t\t\t\t<\/div>\n\t\t<\/header>\n\t\t\t\t<\/div>","protected":false},"excerpt":{"rendered":"<p>Mentions l\u00e9gales Ce site est la propri\u00e9t\u00e9 de l&rsquo;AFGES, les \u00e9tudiant-e-s d&rsquo;Alsace et est h\u00e9berg\u00e9 par Azure. AFGES, les \u00e9tudiant-e-s d&rsquo;Alsace 1, Place de l&rsquo;Universit\u00e9 67000 STRASBOURG T\u00e9l. : 06.72.92.68.92\u00a0 Mail : contact@afges.org L&rsquo;AFGES, les \u00e9tudiant-e-s d&rsquo;Alsace est une association r\u00e9gie par les dispositions des articles 21 \u00e0 79 du Code civil local alsacien-mosellan, maintenues [&hellip;]<\/p>\n","protected":false},"author":1,"featured_media":0,"parent":0,"menu_order":0,"comment_status":"closed","ping_status":"closed","template":"elementor_header_footer","meta":{"footnotes":""},"class_list":["post-1484","page","type-page","status-publish","hentry"],"blocksy_meta":[],"yoast_head":"<!-- This site is optimized with the Yoast SEO plugin v27.2 - https:\/\/yoast.com\/product\/yoast-seo-wordpress\/ -->\n<title>Mentions l\u00e9gales - AFGES<\/title>\n<meta name=\"robots\" content=\"index, follow, max-snippet:-1, max-image-preview:large, max-video-preview:-1\" \/>\n<link rel=\"canonical\" href=\"https:\/\/www.afges.org\/mentions-legales\/\" \/>\n<meta property=\"og:locale\" content=\"en_US\" \/>\n<meta property=\"og:type\" content=\"article\" \/>\n<meta property=\"og:title\" content=\"Mentions l\u00e9gales - AFGES\" \/>\n<meta property=\"og:description\" content=\"Mentions l\u00e9gales Ce site est la propri\u00e9t\u00e9 de l&rsquo;AFGES, les \u00e9tudiant-e-s d&rsquo;Alsace et est h\u00e9berg\u00e9 par Azure. AFGES, les \u00e9tudiant-e-s d&rsquo;Alsace 1, Place de l&rsquo;Universit\u00e9 67000 STRASBOURG T\u00e9l. : 06.72.92.68.92\u00a0 Mail : contact@afges.org L&rsquo;AFGES, les \u00e9tudiant-e-s d&rsquo;Alsace est une association r\u00e9gie par les dispositions des articles 21 \u00e0 79 du Code civil local alsacien-mosellan, maintenues [&hellip;]\" \/>\n<meta property=\"og:url\" content=\"https:\/\/www.afges.org\/mentions-legales\/\" \/>\n<meta property=\"og:site_name\" content=\"AFGES\" \/>\n<meta property=\"article:publisher\" content=\"https:\/\/www.facebook.com\/AFGES\" \/>\n<meta property=\"article:modified_time\" content=\"2025-02-02T16:34:11+00:00\" \/>\n<meta name=\"twitter:card\" content=\"summary_large_image\" \/>\n<meta name=\"twitter:site\" content=\"@AFGES\" \/>\n<meta name=\"twitter:label1\" content=\"Est. reading time\" \/>\n\t<meta name=\"twitter:data1\" content=\"1 minute\" \/>\n<script type=\"application\/ld+json\" class=\"yoast-schema-graph\">{\"@context\":\"https:\/\/schema.org\",\"@graph\":[{\"@type\":\"WebPage\",\"@id\":\"https:\/\/www.afges.org\/mentions-legales\/\",\"url\":\"https:\/\/www.afges.org\/mentions-legales\/\",\"name\":\"Mentions l\u00e9gales - AFGES\",\"isPartOf\":{\"@id\":\"https:\/\/www.afges.org\/#website\"},\"datePublished\":\"2025-02-02T01:13:08+00:00\",\"dateModified\":\"2025-02-02T16:34:11+00:00\",\"breadcrumb\":{\"@id\":\"https:\/\/www.afges.org\/mentions-legales\/#breadcrumb\"},\"inLanguage\":\"en-US\",\"potentialAction\":[{\"@type\":\"ReadAction\",\"target\":[\"https:\/\/www.afges.org\/mentions-legales\/\"]}]},{\"@type\":\"BreadcrumbList\",\"@id\":\"https:\/\/www.afges.org\/mentions-legales\/#breadcrumb\",\"itemListElement\":[{\"@type\":\"ListItem\",\"position\":1,\"name\":\"Accueil\",\"item\":\"https:\/\/www.afges.org\/\"},{\"@type\":\"ListItem\",\"position\":2,\"name\":\"Mentions l\u00e9gales\"}]},{\"@type\":\"WebSite\",\"@id\":\"https:\/\/www.afges.org\/#website\",\"url\":\"https:\/\/www.afges.org\/\",\"name\":\"AFGES, les \u00c9tudiant-e-s d\u2019Alsace\",\"description\":\"Les \u00c9tudiant-e-s d\u2019Alsace\",\"publisher\":{\"@id\":\"https:\/\/www.afges.org\/#organization\"},\"potentialAction\":[{\"@type\":\"SearchAction\",\"target\":{\"@type\":\"EntryPoint\",\"urlTemplate\":\"https:\/\/www.afges.org\/?s={search_term_string}\"},\"query-input\":{\"@type\":\"PropertyValueSpecification\",\"valueRequired\":true,\"valueName\":\"search_term_string\"}}],\"inLanguage\":\"en-US\"},{\"@type\":\"Organization\",\"@id\":\"https:\/\/www.afges.org\/#organization\",\"name\":\"AFGES, les \u00c9tudiant-e-s d\u2019Alsace\",\"url\":\"https:\/\/www.afges.org\/\",\"logo\":{\"@type\":\"ImageObject\",\"inLanguage\":\"en-US\",\"@id\":\"https:\/\/www.afges.org\/#\/schema\/logo\/image\/\",\"url\":\"\/wp-content\/uploads\/2025\/08\/Logo-AFGES-Orange-scaled.png\",\"contentUrl\":\"\/wp-content\/uploads\/2025\/08\/Logo-AFGES-Orange-scaled.png\",\"width\":2302,\"height\":2560,\"caption\":\"AFGES, les \u00c9tudiant-e-s d\u2019Alsace\"},\"image\":{\"@id\":\"https:\/\/www.afges.org\/#\/schema\/logo\/image\/\"},\"sameAs\":[\"https:\/\/www.facebook.com\/AFGES\",\"https:\/\/x.com\/AFGES\"]}]}<\/script>\n<!-- \/ Yoast SEO plugin. -->","yoast_head_json":{"title":"Mentions l\u00e9gales - AFGES","robots":{"index":"index","follow":"follow","max-snippet":"max-snippet:-1","max-image-preview":"max-image-preview:large","max-video-preview":"max-video-preview:-1"},"canonical":"https:\/\/www.afges.org\/mentions-legales\/","og_locale":"en_US","og_type":"article","og_title":"Mentions l\u00e9gales - AFGES","og_description":"Mentions l\u00e9gales Ce site est la propri\u00e9t\u00e9 de l&rsquo;AFGES, les \u00e9tudiant-e-s d&rsquo;Alsace et est h\u00e9berg\u00e9 par Azure. AFGES, les \u00e9tudiant-e-s d&rsquo;Alsace 1, Place de l&rsquo;Universit\u00e9 67000 STRASBOURG T\u00e9l. : 06.72.92.68.92\u00a0 Mail : contact@afges.org L&rsquo;AFGES, les \u00e9tudiant-e-s d&rsquo;Alsace est une association r\u00e9gie par les dispositions des articles 21 \u00e0 79 du Code civil local alsacien-mosellan, maintenues [&hellip;]","og_url":"https:\/\/www.afges.org\/mentions-legales\/","og_site_name":"AFGES","article_publisher":"https:\/\/www.facebook.com\/AFGES","article_modified_time":"2025-02-02T16:34:11+00:00","twitter_card":"summary_large_image","twitter_site":"@AFGES","twitter_misc":{"Est. reading time":"1 minute"},"schema":{"@context":"https:\/\/schema.org","@graph":[{"@type":"WebPage","@id":"https:\/\/www.afges.org\/mentions-legales\/","url":"https:\/\/www.afges.org\/mentions-legales\/","name":"Mentions l\u00e9gales - AFGES","isPartOf":{"@id":"https:\/\/www.afges.org\/#website"},"datePublished":"2025-02-02T01:13:08+00:00","dateModified":"2025-02-02T16:34:11+00:00","breadcrumb":{"@id":"https:\/\/www.afges.org\/mentions-legales\/#breadcrumb"},"inLanguage":"en-US","potentialAction":[{"@type":"ReadAction","target":["https:\/\/www.afges.org\/mentions-legales\/"]}]},{"@type":"BreadcrumbList","@id":"https:\/\/www.afges.org\/mentions-legales\/#breadcrumb","itemListElement":[{"@type":"ListItem","position":1,"name":"Accueil","item":"https:\/\/www.afges.org\/"},{"@type":"ListItem","position":2,"name":"Mentions l\u00e9gales"}]},{"@type":"WebSite","@id":"https:\/\/www.afges.org\/#website","url":"https:\/\/www.afges.org\/","name":"AFGES, les \u00c9tudiant-e-s d\u2019Alsace","description":"Les \u00c9tudiant-e-s d\u2019Alsace","publisher":{"@id":"https:\/\/www.afges.org\/#organization"},"potentialAction":[{"@type":"SearchAction","target":{"@type":"EntryPoint","urlTemplate":"https:\/\/www.afges.org\/?s={search_term_string}"},"query-input":{"@type":"PropertyValueSpecification","valueRequired":true,"valueName":"search_term_string"}}],"inLanguage":"en-US"},{"@type":"Organization","@id":"https:\/\/www.afges.org\/#organization","name":"AFGES, les \u00c9tudiant-e-s d\u2019Alsace","url":"https:\/\/www.afges.org\/","logo":{"@type":"ImageObject","inLanguage":"en-US","@id":"https:\/\/www.afges.org\/#\/schema\/logo\/image\/","url":"\/wp-content\/uploads\/2025\/08\/Logo-AFGES-Orange-scaled.png","contentUrl":"\/wp-content\/uploads\/2025\/08\/Logo-AFGES-Orange-scaled.png","width":2302,"height":2560,"caption":"AFGES, les \u00c9tudiant-e-s d\u2019Alsace"},"image":{"@id":"https:\/\/www.afges.org\/#\/schema\/logo\/image\/"},"sameAs":["https:\/\/www.facebook.com\/AFGES","https:\/\/x.com\/AFGES"]}]}},"_links":{"self":[{"href":"https:\/\/interne.afges.org\/en\/wp-json\/wp\/v2\/pages\/1484","targetHints":{"allow":["GET"]}}],"collection":[{"href":"https:\/\/interne.afges.org\/en\/wp-json\/wp\/v2\/pages"}],"about":[{"href":"https:\/\/interne.afges.org\/en\/wp-json\/wp\/v2\/types\/page"}],"author":[{"embeddable":true,"href":"https:\/\/interne.afges.org\/en\/wp-json\/wp\/v2\/users\/1"}],"replies":[{"embeddable":true,"href":"https:\/\/interne.afges.org\/en\/wp-json\/wp\/v2\/comments?post=1484"}],"version-history":[{"count":10,"href":"https:\/\/interne.afges.org\/en\/wp-json\/wp\/v2\/pages\/1484\/revisions"}],"predecessor-version":[{"id":1502,"href":"https:\/\/interne.afges.org\/en\/wp-json\/wp\/v2\/pages\/1484\/revisions\/1502"}],"wp:attachment":[{"href":"https:\/\/interne.afges.org\/en\/wp-json\/wp\/v2\/media?parent=1484"}],"curies":[{"name":"wp","href":"https:\/\/api.w.org\/{rel}","templated":true}]}}

Mentions légales

<div data-elementor-type="wp-page" data-elementor-id="1484" class="elementor elementor-1484">
						<header class="elementor-section elementor-top-section elementor-element elementor-element-3a61f27 elementor-section-boxed elementor-section-height-default elementor-section-height-default" data-id="3a61f27" data-element_type="section" data-e-type="section" data-settings="{&quot;background_background&quot;:&quot;classic&quot;}">
						<div class="elementor-container elementor-column-gap-default">
					<div class="elementor-column elementor-col-100 elementor-top-column elementor-element elementor-element-5f3b3dc" data-id="5f3b3dc" data-element_type="column" data-e-type="column">
			<div class="elementor-widget-wrap elementor-element-populated">
						<div class="elementor-element elementor-element-f711dd2 elementor-widget__width-initial elementor-widget-tablet__width-initial elementor-widget-mobile__width-initial elementor-invisible elementor-widget elementor-widget-heading" data-id="f711dd2" data-element_type="widget" data-e-type="widget" data-settings="{&quot;_animation&quot;:&quot;fadeIn&quot;}" data-widget_type="heading.default">
				<div class="elementor-widget-container">
					<h1 class="elementor-heading-title elementor-size-default">Mentions légales</h1>				</div>
				</div>
				<section class="elementor-section elementor-inner-section elementor-element elementor-element-9baf7c6 elementor-section-boxed elementor-section-height-default elementor-section-height-default" data-id="9baf7c6" data-element_type="section" data-e-type="section">
						<div class="elementor-container elementor-column-gap-default">
					<div class="elementor-column elementor-col-100 elementor-inner-column elementor-element elementor-element-cc9aec0 elementor-invisible" data-id="cc9aec0" data-element_type="column" data-e-type="column" data-settings="{&quot;animation&quot;:&quot;fadeIn&quot;,&quot;animation_delay&quot;:500}">
			<div class="elementor-widget-wrap elementor-element-populated">
						<div class="elementor-element elementor-element-c1d7f35 elementor-widget__width-initial elementor-widget-tablet__width-initial elementor-widget-mobile__width-initial elementor-invisible elementor-widget elementor-widget-text-editor" data-id="c1d7f35" data-element_type="widget" data-e-type="widget" data-settings="{&quot;_animation&quot;:&quot;fadeIn&quot;}" data-widget_type="text-editor.default">
				<div class="elementor-widget-container">
									<p>Ce site est la propriété de l&rsquo;AFGES, les étudiant-e-s d&rsquo;Alsace et est hébergé par Azure.</p><p><strong> AFGES, les étudiant-e-s d&rsquo;Alsace</strong></p><ul><li>1, Place de l&rsquo;Université 67000 STRASBOURG</li><li>Tél. : 06.72.92.68.92 </li><li>Mail : <a href="mailto:contact@afges.org">contact@afges.org</a></li></ul><p>L&rsquo;AFGES, les étudiant-e-s d&rsquo;Alsace est une association régie par les dispositions des articles 21 à 79 du Code civil local alsacien-mosellan, maintenues en vigueur par loi d&rsquo;introduction dans la législation française. Inscrite au Registre des Associations du tribunal Judiciaire de Strasbourg, depuis le 9 février 1923 sous le volume n°6, folio n°49.</p><ul><li>Directrice de la publication : Chloé HEYD, Présidente ; </li><li>Responsable du contenu éditorial : Charles LESECQ, Secrétaire général en charge du Numérique ;</li></ul><p>Pour toute annonce à faire passer, autorisation de reproduction ou pour toute question relative à l&rsquo;AFGES, n&rsquo;hésitez pas à nous contacter.</p>								</div>
				</div>
					</div>
		</div>
					</div>
		</section>
					</div>
		</div>
					</div>
		</header>
				</div>

<p>Mentions légales Ce site est la propriété de l&rsquo;AFGES, les étudiant-e-s d&rsquo;Alsace et est hébergé par Azure. AFGES, les étudiant-e-s d&rsquo;Alsace 1, Place de l&rsquo;Université 67000 STRASBOURG Tél. : 06.72.92.68.92  Mail : contact@afges.org L&rsquo;AFGES, les étudiant-e-s d&rsquo;Alsace est une association régie par les dispositions des articles 21 à 79 du Code civil local alsacien-mosellan, maintenues [&hellip;]</p>

<!-- This site is optimized with the Yoast SEO plugin v27.2 - https://yoast.com/product/yoast-seo-wordpress/ -->
<title>Mentions légales - AFGES</title>
<meta name="robots" content="index, follow, max-snippet:-1, max-image-preview:large, max-video-preview:-1" />
<link rel="canonical" href="https://www.afges.org/mentions-legales/" />
<meta property="og:locale" content="en_US" />
<meta property="og:type" content="article" />
<meta property="og:title" content="Mentions légales - AFGES" />
<meta property="og:description" content="Mentions légales Ce site est la propriété de l&rsquo;AFGES, les étudiant-e-s d&rsquo;Alsace et est hébergé par Azure. AFGES, les étudiant-e-s d&rsquo;Alsace 1, Place de l&rsquo;Université 67000 STRASBOURG Tél. : 06.72.92.68.92  Mail : contact@afges.org L&rsquo;AFGES, les étudiant-e-s d&rsquo;Alsace est une association régie par les dispositions des articles 21 à 79 du Code civil local alsacien-mosellan, maintenues [&hellip;]" />
<meta property="og:url" content="https://www.afges.org/mentions-legales/" />
<meta property="og:site_name" content="AFGES" />
<meta property="article:publisher" content="https://www.facebook.com/AFGES" />
<meta property="article:modified_time" content="2025-02-02T16:34:11+00:00" />
<meta name="twitter:card" content="summary_large_image" />
<meta name="twitter:site" content="@AFGES" />
<meta name="twitter:label1" content="Est. reading time" />
	<meta name="twitter:data1" content="1 minute" />
<script type="application/ld+json" class="yoast-schema-graph">{"@context":"https://schema.org","@graph":[{"@type":"WebPage","@id":"https://www.afges.org/mentions-legales/","url":"https://www.afges.org/mentions-legales/","name":"Mentions légales - AFGES","isPartOf":{"@id":"https://www.afges.org/#website"},"datePublished":"2025-02-02T01:13:08+00:00","dateModified":"2025-02-02T16:34:11+00:00","breadcrumb":{"@id":"https://www.afges.org/mentions-legales/#breadcrumb"},"inLanguage":"en-US","potentialAction":[{"@type":"ReadAction","target":["https://www.afges.org/mentions-legales/"]}]},{"@type":"BreadcrumbList","@id":"https://www.afges.org/mentions-legales/#breadcrumb","itemListElement":[{"@type":"ListItem","position":1,"name":"Accueil","item":"https://www.afges.org/"},{"@type":"ListItem","position":2,"name":"Mentions légales"}]},{"@type":"WebSite","@id":"https://www.afges.org/#website","url":"https://www.afges.org/","name":"AFGES, les Étudiant-e-s d’Alsace","description":"Les Étudiant-e-s d’Alsace","publisher":{"@id":"https://www.afges.org/#organization"},"potentialAction":[{"@type":"SearchAction","target":{"@type":"EntryPoint","urlTemplate":"https://www.afges.org/?s={search_term_string}"},"query-input":{"@type":"PropertyValueSpecification","valueRequired":true,"valueName":"search_term_string"}}],"inLanguage":"en-US"},{"@type":"Organization","@id":"https://www.afges.org/#organization","name":"AFGES, les Étudiant-e-s d’Alsace","url":"https://www.afges.org/","logo":{"@type":"ImageObject","inLanguage":"en-US","@id":"https://www.afges.org/#/schema/logo/image/","url":"/wp-content/uploads/2025/08/Logo-AFGES-Orange-scaled.png","contentUrl":"/wp-content/uploads/2025/08/Logo-AFGES-Orange-scaled.png","width":2302,"height":2560,"caption":"AFGES, les Étudiant-e-s d’Alsace"},"image":{"@id":"https://www.afges.org/#/schema/logo/image/"},"sameAs":["https://www.facebook.com/AFGES","https://x.com/AFGES"]}]}</script>
<!-- / Yoast SEO plugin. -->

Mentions légales - AFGES

Mentions légales Ce site est la propriété de l&rsquo;AFGES, les étudiant-e-s d&rsquo;Alsace et est hébergé par Azure. AFGES, les étudiant-e-s d&rsquo;Alsace 1, Place de l&rsquo;Université 67000 STRASBOURG Tél. : 06.72.92.68.92  Mail : contact@afges.org L&rsquo;AFGES, les étudiant-e-s d&rsquo;Alsace est une association régie par les dispositions des articles 21 à 79 du Code civil local alsacien-mosellan, maintenues [&hellip;]

AFGES, les Étudiant-e-s d’Alsace

Les Étudiant-e-s d’Alsace
